mon factor of o and m.
26
Suppose 3*c - 133 = -x, 0 = -2*x - 3*c + 315 - 40. Let q be (-3)/9 - x/6. Let j be 4*-1*30/q. What is the highest common factor of j and 20?
5
Let c = -21 + 35. Let y = -10 - -122. Calculate the greatest common divisor of y and c.
14
Let d be -3 + 6 + -1 - -26. Let r = 30 - d. Let s = -11 + 13. What is the greatest common divisor of r and s?
2
Let l = 8 + -10. Let x(s) = s + 4. Let b be x(l). Suppose b*a - 41 = 135. What is the highest common factor of 11 and a?
11
Suppose x = -0*x - 5*f + 16, 4*f - 16 = -x. Let g be 2/(-2)*(-4 + -12). Calculate the greatest common divisor of g and x.
16
Let n(f) = -f**2 + 5*f + 7. Let r be n(5). Let c(b) = -2*b**2 + b + 12. Let h be c(-2). What is the greatest common divisor of r and h?
1
Let d = 25 - 15. Let a = d - -90. Let g be (-606)/(-15) - ((-108)/(-20) - 5). Calculate the highest common factor of a and g.
20
Suppose -11*w = 13*w - 5472. Calculate the greatest common divisor of 12 and w.
12
Let a(y) = -22*y**2 + 9*y**2 + 14*y**2 + 8*y - 12. Let c be a(-10). What is the highest common divisor of c and 104?
8
Suppose a = s - 4*a + 8, 0 = -s + 4*a - 6. Suppose 2*k + s*i - 65 = i, -15 = -3*i. Calculate the greatest common factor of k and 20.
10
Let r(p) = -p**3 - 5*p**2 + 5*p + 70. Let s be r(-11). What is the greatest common factor of s and 114?
57
Let o be 29 + 5/(10/8). Let z be (-6)/o + 105/33. Let w be ((-18)/(-3))/((2 - 0) + -1). Calculate the highest common factor of z and w.
3
Suppose 4*x + 14 = 3*t - 218, 5*t + x = 425. Suppose -4*z = 2*a - t, 2*a - 2*z - 35 - 31 = 0. What is the greatest common divisor of a and 12?
12
Suppose -990 = -13*j + 4*j. Calculate the highest common factor of j and 66.
22
Let l(u) = 8*u**2 - 3*u. Suppose 4*i + 3*h - 31 = -11, 0 = -2*i + h. Let w be l(i). What is the greatest common divisor of 13 and w?
13
Suppose -3*j + 10 = -q + 76, 2*j - 278 = -4*q. What is the highest common factor of 3 and q?
3
Suppose 0 = c + 7*c - 880. Let a = 6 - -16. Calculate the highest common divisor of c and a.
22
Suppose -4*w + 18*j - 21*j = -127, 4*w + 4*j - 124 = 0. Calculate the highest common factor of 544 and w.
34
Let c = 35 + -32. Suppose -c*t = -2*d + 92, -5*d + 0*t = -2*t - 241. What is the greatest common factor of d and 7?
7
Let h be (-8)/(-10) - (1452/(-60) - -11). What is the greatest common factor of 525 and h?
7
Suppose 13*s = 2988 + 15. Calculate the highest common factor of 99 and s.
33
Suppose 15 = 3*n + 3. Suppose -3*y + 3*s = -36, s + 2*s = n*y - 43. Let x = -1 + y. What is the greatest common factor of 6 and x?
6
Suppose -5*x = 3*z - 2*z + 16, -4*z - 4*x = 0. Suppose 153 = z*l - 63. Suppose 28 + 44 = 2*o. What is the greatest common divisor of o and l?
18
Suppose -u - 20 = u. Let p(q) = -q + 14. Let a be p(u). Let t = a - 15. Calculate the greatest common divisor of 9 and t.
9
Suppose 0 = -3*q - 22 - 26. Let j be (-5)/(-20) + (-1836)/q. What is the greatest common factor of j and 46?
23
Suppose 729 = 2*g - g - 2*z, -3672 = -5*g + z. What is the greatest common factor of 5 and g?
5
Suppose 0 = -26*v + 463 - 73. Calculate the greatest common divisor of 21 and v.
3
Let k(s) = 8*s + 31. Let q be k(1). Calculate the greatest common divisor of q and 26.
13
Let o be 6/(-14) - (-104)/14. Let t(m) = 3 - 3 + o - m**2 - 7*m - 6. Let r be t(-6). Calculate the highest common factor of r and 21.
7
Let u(x) be the first derivative of -x**2/2 - 6*x - 24. Let s be (-1)/(-3) - 44/6. Let r be u(s). Calculate the greatest common factor of 1 and r.
1
Suppose 5*o - 138 = 87. Let f = o - 27. Calculate the greatest common divisor of f and 2.
2
Let x be 8/120*35*3. What is the highest common factor of 161 and x?
7
Suppose -10*r + 297 = -9*r. What is the highest common factor of 135 and r?
27
Suppose 0 = 2*y + 3*y - 10. Suppose y*d = -2*d + 108. Let f be (-27)/(1/(-3 + (-4)/(-2))). What is the highest common factor of f and d?
27
Let n(k) = -9 + 6 - 12 + k**2. Let u be n(-5). Calculate the highest common divisor of u and 2.
2
Let n = 89 + -51. Suppose -5*y + 4*p = -n - 20, -3*p - 56 = -5*y. Calculate the greatest common factor of 20 and y.
10
Let v be (-1)/((-27)/(-15) + -2). Let w be (v/(-3))/((-1)/9). Suppose -45 = -3*q + 2*q. Calculate the greatest common divisor of q and w.
15
Suppose -2*x = -9*x. Let j be (5 + -7)*(-1)/(x + 2). What is the highest common factor of j and 4?
1
Suppose 11*z = 15*z - 412. Suppose -z = -4*x - 31. What is the highest common factor of 162 and x?
18
Suppose 7*u = -4*f + 2*u + 68, -2*u = -8. Let l = f + -12. Suppose z - 10 + 2 = l. Calculate the greatest common factor of 16 and z.
8
Let m(r) = 8*r**3 - 3*r**2 + 4*r - 1. Let p be m(2). Let o = p - 23. What is the highest common factor of 9 and o?
9
Let w = 290 + -186. What is the greatest common divisor of w and 78?
26
Let o = -13 + 21. Suppose 6*f - o*f + 396 = 0. Calculate the highest common divisor of 22 and f.
22
Let i be (-27)/(-6)*(2464/33)/8. What is the greatest common divisor of i and 210?
42
Suppose -5022 = -5*z - 22*z. What is the greatest common divisor of z and 18?
6
Suppose 2*n - 2*f - 4 = -0*n, -5*n + 4*f = -9. Calculate the highest common divisor of n and 163.
1
Suppose 10 = 3*k + 2*k. Suppose -4*g = -3*c - 328, 4*g - k*c = 2*c + 324. What is the greatest common divisor of 5 and g?
5
Let g(v) = v**3 + 8*v**2 + 5*v - 13. Let b be g(-7). Suppose 0 = -3*t - t + 12. Let s = t - b. What is the greatest common divisor of s and 18?
2
Let o(x) = x**3 + 6*x**2 - 7*x + 2. Suppose 3*h + 2*h = -q - 64, 31 = -2*h + 5*q. Let f = h + 6. Let w be o(f). Calculate the highest common factor of 2 and w.
2
Suppose 2*m + 3*i = -3*m + 43, 2*i = -m + 3. Let w = -88 - -132. What is the greatest common factor of m and w?
11
Let l = 4 - 1. Suppose -3*u = -12, 0 = -l*s + 7*u - 2*u + 40. Calculate the greatest common factor of 10 and s.
10
Suppose 2*v = -d + 2, 5*d = 5*v - 2 - 3. Let f(n) = 3*n + 27. Let p be f(d). What is the highest common factor of 3 and p?
3
Let x = -7 + 15. Let j(u) = 3*u - 14. Let k be j(x). Calculate the greatest common divisor of k and 40.
10
Let i be (2 + 0)/(21/27 - 1). Let v(n) = n**3 + 11*n**2 + 12*n + 12. Let y be v(i). What is the highest common divisor of 6 and y?
6
Suppose -69 = -8*y + 3. Suppose -4*i + 143 = y*i. What is the greatest common factor of 11 and i?
11
Suppose 0 = t - 2*j - 227, -t - 109 = -4*j - 338. Calculate the highest common divisor of t and 45.
45
Let y(h) = 18*h**2 + 3*h + 10. Let f be y(5). Let x = f - 307. Let a be 7/((-7)/(-27)) - 3. What is the greatest common factor of x and a?
24
Let s = -208 - -215. What is the greatest common factor of 2 and s?
1
Let s(v) = -2*v**3 + 32*v**2 + 33*v + 19. Let c be s(17). Calculate the highest common factor of c and 98.
2
Suppose -3*y + 3*q + 57 = -117, 2*y = q + 115. Calculate the greatest common factor of y and 76.
19
Let w be 2/5*(-75)/(-1). Suppose 0 = 3*y - 0*y - w. Let f = 21 - y. Calculate the greatest common divisor of 33 and f.
11
Let n be (-66)/21*7/(-2). Calculate the greatest common factor of n and 33.
11
Let d be (-1491)/4 + (-17)/68. Suppose 5*j - 10 = 0, -4*i + 0*j + j = 954. Let m = i - d. Calculate the highest common factor of m and 54.
27
Let y = -27 + 47. Suppose 5*i + y = 7*i. What is the highest common factor of i and 80?
10
Let b be (-57)/(4 + (-59)/14). Let z = b + -138. Calculate the greatest common factor of 16 and z.
16
Suppose 0 = 5*z, -170 = -10*l + 5*l + 4*z. What is the greatest common factor of 34 and l?
34
Let i = -570 - -800. What is the greatest common divisor of 30 and i?
10
Let f be (-6)/(-4)*(-200)/(-60). Suppose -f*r = -12*r + 112. What is the greatest common factor of r and 12?
4
Suppose 49*x - 2816 = 33*x. What is the highest common factor of 638 and x?
22
Suppose -918 = -19*m - 253. Let d = -3 + 17. What is the highest common divisor of m and d?
7
Let o(z) = 5*z. Let y be o(-1). Let a be 5 + -2 + (y - -4). Let l = 257 + -235. Calculate the highest common factor of a and l.
2
Let p(l) = 15*l**2 + 8*l + 6. Let s be p(-5). What is the greatest common divisor of 31 and s?
31
Suppose 4*o = -c + 3*c + 6, -4*c = -3*o - 8. Suppose -2*j = -o*j + 24. Calculate the greatest common divisor of 3 and j.
3
Suppose 5*v - 34 = -3*u + 13, -5*u = -5*v + 55. Suppose -2*d - 135 = -5*d. What i